/6 - 2*k**3/3 - k**2. What is d(t)?
-4
Let k(r) = 5*r + 1. Let n be (14/(-10) - -1)/(7/35). Give k(n).
-9
Let k = -50 + 22. Let d be 1/(-4) + k/16. Let t(m) = -3*m. Calculate t(d).
6
Let q(n) = n**2 + 18*n + 28. Let u be q(-16). Let x(k) = k + 4. What is x(u)?
0
Let h(p) be the first derivative of -p**3/3 - 3*p**2 + 2*p + 7. Calculate h(-5).
7
Let b(x) = x**2 + 6*x - 5. Let n be b(-7). Let m(s) = -4 + 2 + 1 - 4*s + 6*s. Determine m(n).
3
Let b(d) = -1. Let o(q) = q - 4. Let r(w) = b(w) + o(w). Determine r(3).
-2
Suppose 0 = -4*u - 12, -2*f + 5*u + 17 = -f. Let s be (-42)/7*4/(-6). Let d(r) = r - 2*r - r - 1 + s*r**2 - r**3. Give d(f).
3
Let c(p) be the first derivative of p**4/4 + p**3 - 3*p**2 - 4*p - 5. What is c(-4)?
4
Let c(o) = -o**2 + 4*o - 5. Suppose -12*j = -32 - 16. Calculate c(j).
-5
Suppose 10 = 95*u - 90*u. Let o(g) = -3*g**2 + g - 2. Give o(u).
-12
Let a(h) be the second derivative of -h**5/20 + h**4/3 + h**3/6 + h**2/2 + 5*h - 6. Determine a(4).
5
Let w(a) = -a**2 - a + 1. Let h(r) = 6*r**3 - r**2 - 4*r - 1. Let v(n) = n**3 - n**2 - n. Let f(b) = -h(b) + 4*v(b). Let d(s) = -f(s) + 4*w(s). What is d(2)?
7
Let u(s) = -4*s**3 - s**2 - 2*s + 1. Let a(t) = -t**3 + t**2. Let i(r) = 3*a(r) - u(r). Let k = 2 - 5. Calculate i(k).
2
Suppose q = -2*o + 12, 5*o + q = 4*q + 30. Let r(t) = t**3 - 7*t**2 + 9*t - 7. What is r(o)?
11
Let w(m) = m**2 + 7*m + 7. Let p(r) = -3*r + 9. Let a be p(5). Calculate w(a).
1
Let k(n) = -10*n + 1. Suppose -4*l - 23 = -3*j, -18 = 3*l - 3. What is k(j)?
-9
Let w(y) = 2*y**2 + y + 2. Suppose c - 12 = 4*h + h, h = -5*c + 8. Give w(h).
8
Let b be (-1)/(-2) + 5/2. Let o(i) = 2 - i**2 - b*i + 0*i**2 - i. Suppose -4*r = -12 + 28. Give o(r).
2
Let l = 4 + 0. Suppose -l*j = -0*j - 24. Let q(d) = -d**2 - 12*d - 14. Let y(g) = -g**2 - 11*g - 13. Let h(n) = j*q(n) - 7*y(n). What is h(-5)?
7
Let n = 1 + 3. Let k(f) = -f + n*f - 2*f. What is k(2)?
2
Let s(n) = 12*n**2 - 3*n + 6. Let v be s(3). Let g(k) = k + 11. Let y be g(-6). Let t be 7/(v/6)*y. Let w(c) = -c + 2. Give w(t).
0
Suppose 2*a - 5 = -1. Let c(n) = -2 - 2*n**3 + n**3 + 4*n**2 - a*n + 7. What is c(4)?
-3
Let d(c) be the second derivative of -7*c**3/6 + c**2/2 + 6*c. Give d(1).
-6
Let j(o) = 2*o - 1 - 2 + 0*o. Calculate j(2).
1
Let j = -5 + 4. Let r(d) be the second derivative of -d**7/420 + d**4/24 + d**3/6 - d. Let n(i) be the second derivative of r(i). What is n(j)?
3
Suppose -6*z = -2*z + 36. Let p(i) = -i**2 - 10*i - 4. Let q be p(z). Let j be q/15 + (-26)/6. Let d(k) = k. What is d(j)?
-4
Let a(j) = -j**2 - 1. Let c be a(-2). Let q(f) = -f**2 - f + 3. Let z be 8/6*(-12)/(-8). Let r(i) = -i + 1. Let s(y) = z*r(y) + q(y). Give s(c).
-5
Let h be -1 + 18/(-24) + (-18)/8. Let s(r) = r**2 + 5*r - 3. What is s(h)?
-7
Let d(x) be the second derivative of x**4/24 + x**3/2 - 3*x**2/2 + 8*x. Let v(h) be the first derivative of d(h). Give v(-3).
0
Suppose -j = -a - 7, 3*j - a + 0*a - 15 = 0. Suppose j*o = 7 + 1. Let v(c) = c**o - 4*c - 2 + 4 + 1. Calculate v(2).
-1
Let d(n) = 5*n**3 + 6*n**2 + 5*n - 4. Let z(t) = t**3 + t**2 + t - 1. Let x(l) = -l**2 - 6*l + 4. Let p be x(-7). Let w(s) = p*z(s) + d(s). Calculate w(-2).
-9
Let f(i) = -2*i + 9. Let d(l) = l - 2. Let z be d(6). Let j(k) = -2*k + 10. Let h(m) = z*f(m) - 3*j(m). What is h(4)?
-2
Suppose 3*m + m = 8. Let g(t) be the third derivative of -t**4/8 - t**3/6 + 18*t**2. Give g(m).
-7
Let q(w) = -6 + 0 - 3*w + 3. Determine q(-7).
18
Let z(w) = -15*w**2 - 2*w + 5. Let q(p) = -p + 2 + 0*p + 0 - 8*p**2. Suppose 0 = 3*u - n - 2, 0 = 4*u - u + n - 10. Let i(a) = u*z(a) - 5*q(a). Give i(-1).
9
Let y(i) = 3*i - 9. Let o(u) = u - 3. Let n(p) = 8*o(p) - 3*y(p). Determine n(-5).
8
Let j(t) be the third derivative of t**6/120 + t**5/30 - t**4/8 + t**3/2 + t**2. Let m = -45 + 42. Calculate j(m).
3
Let h(m) = 6*m + 3. Let b(n) = -13*n - 7. Suppose 0*t - 12 = 3*t. Let y(p) = t*b(p) - 9*h(p). Calculate y(2).
-3
Let z(b) = 9*b - 2. Let g be (-2 + (-25)/(-15))*-6. Determine z(g).
16
Let h be (-40)/(-75) - 2/(0 - -10). Let z(q) be the second derivative of 0 + 3*q - q**2 + h*q**3. Give z(-2).
-6
Suppose 3*h - 2*z = 1, 2 = 4*h - 3*z + 1. Let i be (h/2)/(4/(-8)). Let f(c) = 3 + 2 - 5*c - 2 - 2. What is f(i)?
6
Suppose -2*v = 5*m + 17, -2 = -m - v + 6*v. Let i(t) = -t**3 - 2*t**2 + 3*t + 2. Determine i(m).
2
Suppose o = -4*o - 10, 4*o + 2 = -3*z. Let c(b) = b**3 + 9 + 0 + 4*b - z - 6*b**2. Let x = -263 - -268. What is c(x)?
2
Let v(b) be the third derivative of b**6/120 - b**5/20 - 5*b**4/24 + b**3/3 + 22*b**2. What is v(4)?
-2
Let p(n) = n**3 - 6*n**2 + 5*n + 3. Let m = 22 - 17. What is p(m)?
3
Let a(v) = 2*v - 3*v + 1 + 2. Let q(y) = -7*y + 72. Let c be q(10). Give a(c).
1
Let m(a) = -a**3 + 8*a**2 + 8*a + 12. Let f(y) = -y**2 + 12*y - 18. Let i be f(9). Calculate m(i).
3
Let m(z) = -z - 2. Let j be m(-5). Let n(f) be the first derivative of 3*f**2/2 - 2*f + 3. Determine n(j).
7
Let o(n) = -n**2 + 2*n - 1. Let i(b) = 5*b - 16. Let g be i(4). What is o(g)?
-9
Let o(x) = x**3 + 8*x**2 - 10*x - 4. Let d be o(-9). Let j(i) = i**3 + d*i + 6*i**2 + 2 - 2*i**2 - 4*i. Let a = -19 - -16. What is j(a)?
8
Let o(w) = -8 + 10*w**2 - w**3 + 12 - 4*w**2. Determine o(6).
4
Let u(h) = h**2 - 1. Let i(f) = 8 + 1 - f + 9*f**2 - 16*f**2. Let d(j) = i(j) + 6*u(j). Give d(-3).
-3
Let k(v) = -3*v**2 - 2*v + 1. Let u(l) = -l**3 + 5*l**2 - l - 2. Let c = 0 - -2. Let i be u(c). Let x = 6 - i. Determine k(x).
-7
Let p(s) = -s**2 - 4*s + 5. Suppose 3*c + 2*c = 5*m + 10, 0 = -5*c + 2*m + 19. Let d = -4 + c. Let l be 4/(-10)*(11 - d). Calculate p(l).
5
Let c(w) = -w**2 + 7*w. Let n = -12 - -19. Let q be c(n). Let u(i) = -i**2 + 2. Determine u(q).
2
Let q(s) = s + 8. Let z be q(-6). Let k = z - 0. Let i(g) be the second derivative of -g**4/6 - g**3/2 + g**2/2 - 3*g. Give i(k).
-13
Let y be 1*2*12/(-8). Let p(q) be the third derivative of -1/120*q**6 + 0 - 1/20*q**5 + 0*q**4 - q**2 - 1/3*q**3 + 0*q. Give p(y).
-2
Let x(v) = 9*v**2. Let h be (1 + -2)*(-8)/(-4). Let b be 1 - (h + 1) - 3. Determine x(b).
9
Let w(s) = -s + 7. Suppose 0*h = 4*h - 20. Suppose -n + 3*o = -0*n, -17 = -4*n - h*o. Suppose 0*k = 2*k - n*p - 10, -25 = -5*k - p. Calculate w(k).
2
Let t(c) = -2*c + 16 + 3*c - 2*c. Give t(0).
16
Let z(v) = -6*v**2 + 1. Let o be -3 - 0/(3/(-1)). Let l be (o/6)/(1/(-2)). Give z(l).
-5
Let p(g) = -g - 4. Let u(w) = 2*w - 3. Let a be u(0). Determine p(a).
-1
Suppose 0 - 2 = 5*g + 3*i, 4*i + 24 = 4*g. Let u(d) be the second derivative of -d**5/20 + d**4/4 + d**3/6 - d**2 - 12*d. Give u(g).
4
Suppose 5*v + 15 = 0, 4*s - 3*s + 2 = v. Let o(p) = -2*p - 5. Let x be o(s). Let u(k) = -3 + 3 - k. Give u(x).
-5
Let y(w) be the third derivative of 3*w**5/20 - w**3/6 - w**2. Determine y(1).
8
Let o(t) = -6*t**2 - t. Suppose 3*d - 2 = 1. Suppose -3*y + 1 = -2. Suppose -q + i = -d, -2*q + 2*i = -q - y. Determine o(q).
-7
Let o(d) be the first derivative of -d**3/3 + d**2/2 + 3*d - 2. Suppose 0 = -7*x + 5*x + 18. Let p = -9 + x. Give o(p).
3
Let p(o) = o**3 + 14*o**2 + 10*o - 6. Let r(b) = -2*b**3 - 29*b**2 - 20*b + 11. Let a(y) = -5*p(y) - 2*r(y). What is a(-11)?
-3
Let i(x) = 3 - x - 8*x**2 - 3*x**2 + 10*x**2 - 4. Determine i(-1).
-1
Let d = 9 - 5. Suppose -p - 20 = d*p. Let a(s) = s**3 + 5*s**2 + 4*s + 6. What is a(p)?
6
Let w(z) = -5*z - 1. Let d(o) = 16 + o - 16 + 3*o. Let t(l) = 4*d(l) + 3*w(l). Suppose 5*m = 4*p - 2*p - 8, 0 = -2*p - 3*m + 8. Give t(p).
1
Let j = -3 + 4. Let c(l) be the third derivative of -l**8/4032 + l**5/30 - 3*l**2. Let x(g) be the third derivative of c(g). Determine x(j).
-5
Suppose b + 4*h = 2*h - 7, h = 3*b. Let m(r) = 5*r + 10. Let o(k) = -k**2 - 6*k + 4. Let g be o(-6). Let q(j) = j + 1. Let n(f) = b*m(f) + g*q(f). Give n(-5).
-1
Let c(b) be the first derivative of b**4/4 + 7*b**3/3 + 7*b**2/2 + b + 1. Let q = -15 + 9. Let w be c(q). Let j(i) = i**2 + 3*i - 6. Give j(w).
4
Let y(s) be the second derivative of -s**5/20 + s**4/3 - s**3/2 + s**2 + 3*s. Give y(3).
2
Suppose -26*w + 25*w = 1. Let k(f) = -23*f**2 - 2*f - 1. Determine k(w).
-22
Let w(i) = -i**2 - 1. Let x be w(2). Let t(v) be the third derivative of v**4/24 + 5*v**3/6 - 2*v**2. Determine t(x).
0
Let c(w) = w + 3. Let u(o) = -o**3 - 3*o**2 + 3*o + 4. Let z be u(-3). Let d be c(z). Let q